{"id":404,"date":"2018-11-30T14:05:40","date_gmt":"2018-11-30T14:05:40","guid":{"rendered":"https:\/\/www.satb.sk\/?page_id=404"},"modified":"2019-12-01T14:39:15","modified_gmt":"2019-12-01T14:39:15","slug":"adventny-kalendar-2018","status":"publish","type":"page","link":"https:\/\/www.satb.sk\/index.php\/magazin\/notovy-material\/adventny-kalendar\/adventny-kalendar-2018\/","title":{"rendered":"ADVENTN\u00dd KALEND\u00c1R 2018"},"content":{"rendered":"","protected":false},"excerpt":{"rendered":"","protected":false},"author":1,"featured_media":0,"parent":4729,"menu_order":0,"comment_status":"closed","ping_status":"closed","template":"","meta":{"om_disable_all_campaigns":false,"_monsterinsights_skip_tracking":false,"_monsterinsights_sitenote_active":false,"_monsterinsights_sitenote_note":"","_monsterinsights_sitenote_category":0,"spay_email":"","footnotes":""},"class_list":["post-404","page","type-page","status-publish","hentry"],"aioseo_notices":[],"jetpack_sharing_enabled":true,"jetpack_shortlink":"https:\/\/wp.me\/Pav5wC-6w","jetpack-related-posts":[{"id":5910,"url":"https:\/\/www.satb.sk\/index.php\/magazin\/notovy-material\/adventny-kalendar\/adventny-kalendar-2018-2020\/","url_meta":{"origin":404,"position":0},"title":"ADVENTN\u00dd KALEND\u00c1R 2018 \u2013 2020","date":"17 novembra, 2021","format":false,"excerpt":"\u00a0 ADVENTN\u00dd KALEND\u00c1R 2020 ADVENTN\u00dd KALEND\u00c1R 2019 ADVENTN\u00dd KALEND\u00c1R 2018 \u00a0","rel":"","context":"Podobn\u00fd pr\u00edspevok","img":{"alt_text":"","src":"","width":0,"height":0},"classes":[]},{"id":4729,"url":"https:\/\/www.satb.sk\/index.php\/magazin\/notovy-material\/adventny-kalendar\/","url_meta":{"origin":404,"position":1},"title":"ADVENTN\u00dd KALEND\u00c1R","date":"1 decembra, 2019","format":false,"excerpt":"ADVENTN\u00dd KALEND\u00c1R 2019 ADVENTN\u00dd KALEND\u00c1R 2018 \u00a0","rel":"","context":"Podobn\u00fd pr\u00edspevok","img":{"alt_text":"","src":"","width":0,"height":0},"classes":[]},{"id":5953,"url":"https:\/\/www.satb.sk\/index.php\/magazin\/notovy-material\/adventny-kalendar\/adventny-kalendar-2021\/","url_meta":{"origin":404,"position":2},"title":"ADVENTN\u00dd KALEND\u00c1R 2021","date":"1 decembra, 2021","format":false,"excerpt":"","rel":"","context":"Podobn\u00fd pr\u00edspevok","img":{"alt_text":"","src":"","width":0,"height":0},"classes":[]},{"id":4731,"url":"https:\/\/www.satb.sk\/index.php\/magazin\/notovy-material\/adventny-kalendar\/adventny-kalendar-2019\/","url_meta":{"origin":404,"position":3},"title":"ADVENTN\u00dd KALEND\u00c1R 2019","date":"1 decembra, 2019","format":false,"excerpt":"","rel":"","context":"Podobn\u00fd pr\u00edspevok","img":{"alt_text":"","src":"","width":0,"height":0},"classes":[]},{"id":714,"url":"https:\/\/www.satb.sk\/index.php\/magazin\/notovy-material\/","url_meta":{"origin":404,"position":4},"title":"NOTOV\u00dd MATERI\u00c1L","date":"21 janu\u00e1ra, 2019","format":false,"excerpt":"ZO ZBOROVEJ KNI\u017dNICE ADVENTN\u00dd KALEND\u00c1R","rel":"","context":"Podobn\u00fd pr\u00edspevok","img":{"alt_text":"","src":"","width":0,"height":0},"classes":[]},{"id":5008,"url":"https:\/\/www.satb.sk\/index.php\/newsletter\/archiv-newslettrov\/2018-2019\/","url_meta":{"origin":404,"position":5},"title":"ARCH\u00cdV 2018\/2019","date":"2 janu\u00e1ra, 2020","format":false,"excerpt":"December 2019 1\/12 November 2019 1\/11\u00a0 \u00a0 \u00a02\/11 Okt\u00f3ber 2019 1\/10\u00a0 \u00a0 \u00a02\/10 September 2019 1\/09\u00a0 \u00a0 \u00a02\/09 August 2019 1\/08\u00a0 \u00a0 \u00a02\/08\u00a0 \u00a0 \u00a03\/08 J\u00fal 2019 1\/07\u00a0 \u00a0 \u00a02\/07\u00a0 \u00a0 \u00a03\/07\u00a0 \u00a0 \u00a04\/07 J\u00fan 2019 1\/06\u00a0 \u00a0 \u00a02\/06 M\u00e1j 2019 1\/05\u00a0 \u00a0 \u00a02\/05\u00a0 \u00a0 \u00a03\/05\u00a0 \u00a0 \u00a04\/05 Apr\u00edl 2019\u2026","rel":"","context":"Podobn\u00fd pr\u00edspevok","img":{"alt_text":"","src":"","width":0,"height":0},"classes":[]}],"_links":{"self":[{"href":"https:\/\/www.satb.sk\/index.php\/wp-json\/wp\/v2\/pages\/404"}],"collection":[{"href":"https:\/\/www.satb.sk\/index.php\/wp-json\/wp\/v2\/pages"}],"about":[{"href":"https:\/\/www.satb.sk\/index.php\/wp-json\/wp\/v2\/types\/page"}],"author":[{"embeddable":true,"href":"https:\/\/www.satb.sk\/index.php\/wp-json\/wp\/v2\/users\/1"}],"replies":[{"embeddable":true,"href":"https:\/\/www.satb.sk\/index.php\/wp-json\/wp\/v2\/comments?post=404"}],"version-history":[{"count":2,"href":"https:\/\/www.satb.sk\/index.php\/wp-json\/wp\/v2\/pages\/404\/revisions"}],"predecessor-version":[{"id":413,"href":"https:\/\/www.satb.sk\/index.php\/wp-json\/wp\/v2\/pages\/404\/revisions\/413"}],"up":[{"embeddable":true,"href":"https:\/\/www.satb.sk\/index.php\/wp-json\/wp\/v2\/pages\/4729"}],"wp:attachment":[{"href":"https:\/\/www.satb.sk\/index.php\/wp-json\/wp\/v2\/media?parent=404"}],"curies":[{"name":"wp","href":"https:\/\/api.w.org\/{rel}","templated":true}]}}