{"id":5953,"date":"2021-12-01T00:47:09","date_gmt":"2021-12-01T00:47:09","guid":{"rendered":"https:\/\/www.satb.sk\/?page_id=5953"},"modified":"2021-12-01T00:47:09","modified_gmt":"2021-12-01T00:47:09","slug":"adventny-kalendar-2021","status":"publish","type":"page","link":"https:\/\/www.satb.sk\/index.php\/magazin\/notovy-material\/adventny-kalendar\/adventny-kalendar-2021\/","title":{"rendered":"ADVENTN\u00dd KALEND\u00c1R 2021"},"content":{"rendered":"","protected":false},"excerpt":{"rendered":"","protected":false},"author":1,"featured_media":0,"parent":4729,"menu_order":0,"comment_status":"closed","ping_status":"closed","template":"","meta":{"om_disable_all_campaigns":false,"_monsterinsights_skip_tracking":false,"_monsterinsights_sitenote_active":false,"_monsterinsights_sitenote_note":"","_monsterinsights_sitenote_category":0,"spay_email":"","footnotes":""},"class_list":["post-5953","page","type-page","status-publish","hentry"],"aioseo_notices":[],"jetpack_sharing_enabled":true,"jetpack_shortlink":"https:\/\/wp.me\/Pav5wC-1y1","jetpack-related-posts":[{"id":5910,"url":"https:\/\/www.satb.sk\/index.php\/magazin\/notovy-material\/adventny-kalendar\/adventny-kalendar-2018-2020\/","url_meta":{"origin":5953,"position":0},"title":"ADVENTN\u00dd KALEND\u00c1R 2018 \u2013 2020","date":"17 novembra, 2021","format":false,"excerpt":"\u00a0 ADVENTN\u00dd KALEND\u00c1R 2020 ADVENTN\u00dd KALEND\u00c1R 2019 ADVENTN\u00dd KALEND\u00c1R 2018 \u00a0","rel":"","context":"Podobn\u00fd pr\u00edspevok","img":{"alt_text":"","src":"","width":0,"height":0},"classes":[]},{"id":4729,"url":"https:\/\/www.satb.sk\/index.php\/magazin\/notovy-material\/adventny-kalendar\/","url_meta":{"origin":5953,"position":1},"title":"ADVENTN\u00dd KALEND\u00c1R","date":"1 decembra, 2019","format":false,"excerpt":"ADVENTN\u00dd KALEND\u00c1R 2019 ADVENTN\u00dd KALEND\u00c1R 2018 \u00a0","rel":"","context":"Podobn\u00fd pr\u00edspevok","img":{"alt_text":"","src":"","width":0,"height":0},"classes":[]},{"id":4731,"url":"https:\/\/www.satb.sk\/index.php\/magazin\/notovy-material\/adventny-kalendar\/adventny-kalendar-2019\/","url_meta":{"origin":5953,"position":2},"title":"ADVENTN\u00dd KALEND\u00c1R 2019","date":"1 decembra, 2019","format":false,"excerpt":"","rel":"","context":"Podobn\u00fd pr\u00edspevok","img":{"alt_text":"","src":"","width":0,"height":0},"classes":[]},{"id":404,"url":"https:\/\/www.satb.sk\/index.php\/magazin\/notovy-material\/adventny-kalendar\/adventny-kalendar-2018\/","url_meta":{"origin":5953,"position":3},"title":"ADVENTN\u00dd KALEND\u00c1R 2018","date":"30 novembra, 2018","format":false,"excerpt":"","rel":"","context":"Podobn\u00fd pr\u00edspevok","img":{"alt_text":"","src":"","width":0,"height":0},"classes":[]},{"id":714,"url":"https:\/\/www.satb.sk\/index.php\/magazin\/notovy-material\/","url_meta":{"origin":5953,"position":4},"title":"NOTOV\u00dd MATERI\u00c1L","date":"21 janu\u00e1ra, 2019","format":false,"excerpt":"ZO ZBOROVEJ KNI\u017dNICE ADVENTN\u00dd KALEND\u00c1R","rel":"","context":"Podobn\u00fd pr\u00edspevok","img":{"alt_text":"","src":"","width":0,"height":0},"classes":[]},{"id":738,"url":"https:\/\/www.satb.sk\/index.php\/o-nas\/","url_meta":{"origin":5953,"position":5},"title":"O N\u00c1S","date":"21 janu\u00e1ra, 2019","format":false,"excerpt":"\u010co je SATB? SATB je\u00a0webov\u00fd port\u00e1l, ktor\u00fd vznikol za \u00fa\u010delom propag\u00e1cie a podpory zborov\u00e9ho spevu na Slovensku. Hlavn\u00fdm cie\u013eom tejto platformy je poskytova\u0165 inform\u00e1cie o zborov\u00fdch aktivit\u00e1ch na Slovensku i v zahrani\u010d\u00ed a vytvori\u0165 priestor, kde sa bude sp\u00e1ja\u0165 komunita \u013eud\u00ed, ktor\u00ed maj\u00fa radi zborov\u00fd spev. \u010co SATB rob\u00ed? Hlavnou\u2026","rel":"","context":"Podobn\u00fd pr\u00edspevok","img":{"alt_text":"","src":"","width":0,"height":0},"classes":[]}],"_links":{"self":[{"href":"https:\/\/www.satb.sk\/index.php\/wp-json\/wp\/v2\/pages\/5953"}],"collection":[{"href":"https:\/\/www.satb.sk\/index.php\/wp-json\/wp\/v2\/pages"}],"about":[{"href":"https:\/\/www.satb.sk\/index.php\/wp-json\/wp\/v2\/types\/page"}],"author":[{"embeddable":true,"href":"https:\/\/www.satb.sk\/index.php\/wp-json\/wp\/v2\/users\/1"}],"replies":[{"embeddable":true,"href":"https:\/\/www.satb.sk\/index.php\/wp-json\/wp\/v2\/comments?post=5953"}],"version-history":[{"count":1,"href":"https:\/\/www.satb.sk\/index.php\/wp-json\/wp\/v2\/pages\/5953\/revisions"}],"predecessor-version":[{"id":5954,"href":"https:\/\/www.satb.sk\/index.php\/wp-json\/wp\/v2\/pages\/5953\/revisions\/5954"}],"up":[{"embeddable":true,"href":"https:\/\/www.satb.sk\/index.php\/wp-json\/wp\/v2\/pages\/4729"}],"wp:attachment":[{"href":"https:\/\/www.satb.sk\/index.php\/wp-json\/wp\/v2\/media?parent=5953"}],"curies":[{"name":"wp","href":"https:\/\/api.w.org\/{rel}","templated":true}]}}