{"id":667,"date":"2019-01-20T00:19:13","date_gmt":"2019-01-20T00:19:13","guid":{"rendered":"https:\/\/www.satb.sk\/?page_id=667"},"modified":"2021-02-02T21:43:56","modified_gmt":"2021-02-02T21:43:56","slug":"prihlasit-sa-na-odber","status":"publish","type":"page","link":"https:\/\/www.satb.sk\/index.php\/newsletter\/prihlasit-sa-na-odber\/","title":{"rendered":"PRIHL\u00c1SI\u0164 SA NA ODBER NEWSLETTRA"},"content":{"rendered":"<p>Chcete ma\u0165 preh\u013ead o tom, \u010do sa deje v oblasti zborov\u00e9ho spevu doma i v zahrani\u010d\u00ed? Prihl\u00e1ste sa na odber na\u0161ich newslettrov. Ka\u017ed\u00fd mesiac v\u00e1m priamo do va\u0161ej emailovej schr\u00e1nky po\u0161leme aktu\u00e1lne inform\u00e1cie zo \u017eivota spev\u00e1ckych zborov.<\/p>\n<p><strong>Prihl\u00e1ste sa e\u0161te dnes!<\/strong><\/p>\n<script>(function() {\n\twindow.mc4wp = window.mc4wp || {\n\t\tlisteners: [],\n\t\tforms: {\n\t\t\ton: function(evt, cb) {\n\t\t\t\twindow.mc4wp.listeners.push(\n\t\t\t\t\t{\n\t\t\t\t\t\tevent   : evt,\n\t\t\t\t\t\tcallback: cb\n\t\t\t\t\t}\n\t\t\t\t);\n\t\t\t}\n\t\t}\n\t}\n})();\n<\/script><!-- Mailchimp for WordPress v4.8.6 - https:\/\/wordpress.org\/plugins\/mailchimp-for-wp\/ --><form id=\"mc4wp-form-1\" class=\"mc4wp-form mc4wp-form-107\" method=\"post\" data-id=\"107\" data-name=\"PRIHL\u00c1SI\u0164 SA NA ODBER NEWSLETTRA\" ><div class=\"mc4wp-form-fields\"><\/p>\r\n<p>\r\n    <label>Meno:<\/label>\r\n    <input type=\"text\" name=\"FNAME\" placeholder=\"Meno\" required=\"\">\r\n<\/p>\r\n<p>\r\n    <label>Priezvisko:<\/label>\r\n    <input type=\"text\" name=\"LNAME\" placeholder=\"Priezvisko\"\r\n    required=\"\">\r\n<\/p>\r\n\r\n<p>\r\n\t<label>E-mailov\u00e1 adresa: <\/label>\r\n\t<input type=\"email\" name=\"EMAIL\" placeholder=\"Va\u0161a e-mailov\u00e1 adresa\" required \/>\r\n<\/p>\r\n\r\n<p>\r\n<\/p>\r\n<p>\r\n    <label>\r\n        <input name=\"AGREE_TO_TERMS\" type=\"checkbox\" value=\"1\" required=\"\">S\u00fahlas\u00edm so sprac\u00favan\u00edm mojich osobn\u00fdch \u00fadajov na marketingov\u00e9 \u00fa\u010dely v\r\n        s\u00falade s podmienkami ochrany osobn\u00fdch \u00fadajov.<\/label>\r\n<\/p>\r\n\t<input type=\"submit\" value=\"PRIHL\u00c1SI\u0164 SA\" \/>\r\n<\/div><label style=\"display: none !important;\">Leave this field empty if you're human: <input type=\"text\" name=\"_mc4wp_honeypot\" value=\"\" tabindex=\"-1\" autocomplete=\"off\" \/><\/label><input type=\"hidden\" name=\"_mc4wp_timestamp\" value=\"1778057616\" \/><input type=\"hidden\" name=\"_mc4wp_form_id\" value=\"107\" \/><input type=\"hidden\" name=\"_mc4wp_form_element_id\" value=\"mc4wp-form-1\" \/><div class=\"mc4wp-response\"><\/div><\/form><!-- \/ Mailchimp for WordPress Plugin -->\n<p>&nbsp;<\/p>\n<h4 style=\"text-align: center;\"><span style=\"color: #33a7a4;\"><a style=\"color: #33a7a4;\" href=\"https:\/\/www.satb.sk\/index.php\/newsletter\/archiv-newslettrov\/\" target=\"_blank\" rel=\"noopener noreferrer\"><strong>PRE\u010c\u00cdTAJTE SI PREDCH\u00c1DZAJ\u00daCE NEWSLETTRE<\/strong><\/a><\/span><\/h4>\n","protected":false},"excerpt":{"rendered":"<p>Chcete ma\u0165 preh\u013ead o tom, \u010do sa deje v oblasti zborov\u00e9ho spevu doma i v zahrani\u010d\u00ed? Prihl\u00e1ste sa na odber na\u0161ich newslettrov. Ka\u017ed\u00fd mesiac v\u00e1m priamo do va\u0161ej emailovej schr\u00e1nky po\u0161leme aktu\u00e1lne inform\u00e1cie zo \u017eivota spev\u00e1ckych zborov. Prihl\u00e1ste sa e\u0161te dnes! &nbsp; PRE\u010c\u00cdTAJTE SI PREDCH\u00c1DZAJ\u00daCE NEWSLETTRE<\/p>\n","protected":false},"author":1,"featured_media":0,"parent":661,"menu_order":0,"comment_status":"closed","ping_status":"closed","template":"","meta":{"om_disable_all_campaigns":false,"_monsterinsights_skip_tracking":false,"_monsterinsights_sitenote_active":false,"_monsterinsights_sitenote_note":"","_monsterinsights_sitenote_category":0,"spay_email":"","footnotes":""},"class_list":["post-667","page","type-page","status-publish","hentry"],"aioseo_notices":[],"jetpack_sharing_enabled":true,"jetpack_shortlink":"https:\/\/wp.me\/Pav5wC-aL","jetpack-related-posts":[{"id":661,"url":"https:\/\/www.satb.sk\/index.php\/newsletter\/","url_meta":{"origin":667,"position":0},"title":"NEWSLETTER","date":"20 janu\u00e1ra, 2019","format":false,"excerpt":"PRIHL\u00c1SI\u0164 SA NA ODBER NEWSLETTRA \u00a0 ARCH\u00cdV NEWSLETTROV \u00a0","rel":"","context":"Podobn\u00fd pr\u00edspevok","img":{"alt_text":"","src":"","width":0,"height":0},"classes":[]},{"id":738,"url":"https:\/\/www.satb.sk\/index.php\/o-nas\/","url_meta":{"origin":667,"position":1},"title":"O N\u00c1S","date":"21 janu\u00e1ra, 2019","format":false,"excerpt":"\u010co je SATB? SATB je\u00a0webov\u00fd port\u00e1l, ktor\u00fd vznikol za \u00fa\u010delom propag\u00e1cie a podpory zborov\u00e9ho spevu na Slovensku. Hlavn\u00fdm cie\u013eom tejto platformy je poskytova\u0165 inform\u00e1cie o zborov\u00fdch aktivit\u00e1ch na Slovensku i v zahrani\u010d\u00ed a vytvori\u0165 priestor, kde sa bude sp\u00e1ja\u0165 komunita \u013eud\u00ed, ktor\u00ed maj\u00fa radi zborov\u00fd spev. \u010co SATB rob\u00ed? Hlavnou\u2026","rel":"","context":"Podobn\u00fd pr\u00edspevok","img":{"alt_text":"","src":"","width":0,"height":0},"classes":[]}],"_links":{"self":[{"href":"https:\/\/www.satb.sk\/index.php\/wp-json\/wp\/v2\/pages\/667"}],"collection":[{"href":"https:\/\/www.satb.sk\/index.php\/wp-json\/wp\/v2\/pages"}],"about":[{"href":"https:\/\/www.satb.sk\/index.php\/wp-json\/wp\/v2\/types\/page"}],"author":[{"embeddable":true,"href":"https:\/\/www.satb.sk\/index.php\/wp-json\/wp\/v2\/users\/1"}],"replies":[{"embeddable":true,"href":"https:\/\/www.satb.sk\/index.php\/wp-json\/wp\/v2\/comments?post=667"}],"version-history":[{"count":12,"href":"https:\/\/www.satb.sk\/index.php\/wp-json\/wp\/v2\/pages\/667\/revisions"}],"predecessor-version":[{"id":5676,"href":"https:\/\/www.satb.sk\/index.php\/wp-json\/wp\/v2\/pages\/667\/revisions\/5676"}],"up":[{"embeddable":true,"href":"https:\/\/www.satb.sk\/index.php\/wp-json\/wp\/v2\/pages\/661"}],"wp:attachment":[{"href":"https:\/\/www.satb.sk\/index.php\/wp-json\/wp\/v2\/media?parent=667"}],"curies":[{"name":"wp","href":"https:\/\/api.w.org\/{rel}","templated":true}]}}