{"id":738,"date":"2019-01-21T08:43:38","date_gmt":"2019-01-21T08:43:38","guid":{"rendered":"https:\/\/www.satb.sk\/?page_id=738"},"modified":"2024-08-07T22:06:02","modified_gmt":"2024-08-07T22:06:02","slug":"o-nas","status":"publish","type":"page","link":"https:\/\/www.satb.sk\/index.php\/o-nas\/","title":{"rendered":"O N\u00c1S"},"content":{"rendered":"<h2><strong>\u010co je SATB?<\/strong><\/h2>\n<p class=\"p1\"><span class=\"s1\">SATB je\u00a0<\/span><span class=\"s1\">webov\u00fd port\u00e1l, ktor\u00fd vznikol za \u00fa\u010delom propag\u00e1cie a podpory zborov\u00e9ho spevu na Slovensku.<\/span><\/p>\n<p>Hlavn\u00fdm cie\u013eom tejto platformy je poskytova\u0165 inform\u00e1cie o zborov\u00fdch aktivit\u00e1ch na Slovensku i v zahrani\u010d\u00ed a vytvori\u0165 priestor, kde sa bude sp\u00e1ja\u0165 komunita \u013eud\u00ed, ktor\u00ed maj\u00fa radi zborov\u00fd spev.<\/p>\n<h2 class=\"p1\"><strong><span class=\"s1\">\u010co SATB rob\u00ed?<\/span><\/strong><\/h2>\n<p>Hlavnou n\u00e1pl\u0148ou SATB je:<\/p>\n<ul>\n<li>mapovanie aktiv\u00edt v oblasti zborov\u00e9ho spevu na Slovensku,<\/li>\n<li>publikovanie \u010dl\u00e1nkov o zborovom speve, o spev\u00e1ckych zboroch a o zborov\u00fdch podujatiach,<\/li>\n<li>uverej\u0148ovanie rozhovorov s v\u00fdznamn\u00fdmi osobnos\u0165ami zborov\u00e9ho \u017eivota,<\/li>\n<li>poskytova\u0165 z\u00e1kladn\u00fd preh\u013ead o aktivit\u00e1ch zborov\u00e9ho hnutia v zahrani\u010d\u00ed,<\/li>\n<li>vytv\u00e1ra\u0165 priestor, kde sa bud\u00fa sp\u00e1ja\u0165 spev\u00e1cke zbory, zborov\u00ed dirigenti, spev\u00e1ci, u\u010ditelia a organiz\u00e1tori kult\u00farnych podujat\u00ed na Slovensku.<\/li>\n<\/ul>\n<h2><strong>\u010co skratka SATB znamen\u00e1?<\/strong><\/h2>\n<p>SATB je skratka z\u00e1kladnej \u0161trukt\u00fary mie\u0161an\u00e9ho spev\u00e1ck\u00e9ho zboru.<br \/>\nSkratka znamen\u00e1: <strong>S<\/strong>opr\u00e1n, <strong>A<\/strong>lt, <strong>T<\/strong>enor a <strong>B<\/strong>as<\/p>\n<h2><strong>Kontaktn\u00e9 inform\u00e1cie<\/strong><\/h2>\n<p><strong>Email:<br \/>\n<\/strong>info@satb.sk<\/p>\n<h2><strong>N\u00e1\u0161 t\u00edm<\/strong><\/h2>\n<p><a href=\"https:\/\/www.linkedin.com\/in\/dsemanakova\/\" target=\"_blank\" rel=\"noopener\">Dominika Sema\u0148\u00e1kov\u00e1<\/a> (\u0161\u00e9fredaktorka)<\/p>\n<h2><strong>Inform\u00e1cie o GDPR<\/strong><\/h2>\n<p>Ko\u013eko hlasov m\u00e1 Slovensko &#8211; Ochrana a spracovanie osobn\u00fdch \u00fadajov.<br \/>\n<a href=\"https:\/\/www.satb.sk\/wp-content\/uploads\/2024\/08\/SATB.SK-Ochrana-a-spracovanie-osobnych-udajov.pdf\">SATB.SK &#8211; Ochrana a spracovanie osobny\u0301ch u\u0301dajov<\/a><\/p>\n<p>&nbsp;<\/p>\n<p>Webov\u00fd port\u00e1l SATB.SK v roku 2021 podporil z verejn\u00fdch zdrojov Fond na podporu umenia.<\/p>\n<p><img loading=\"lazy\" decoding=\"async\" data-attachment-id=\"5927\" data-permalink=\"https:\/\/www.satb.sk\/index.php\/2018\/10\/31\/160\/peciatka\/\" data-orig-file=\"https:\/\/i0.wp.com\/www.satb.sk\/wp-content\/uploads\/2018\/10\/peciatka.jpeg?fit=425%2C213&amp;ssl=1\" data-orig-size=\"425,213\" data-comments-opened=\"0\" data-image-meta=\"{&quot;aperture&quot;:&quot;0&quot;,&quot;credit&quot;:&quot;&quot;,&quot;camera&quot;:&quot;&quot;,&quot;caption&quot;:&quot;&quot;,&quot;created_timestamp&quot;:&quot;0&quot;,&quot;copyright&quot;:&quot;&quot;,&quot;focal_length&quot;:&quot;0&quot;,&quot;iso&quot;:&quot;0&quot;,&quot;shutter_speed&quot;:&quot;0&quot;,&quot;title&quot;:&quot;&quot;,&quot;orientation&quot;:&quot;0&quot;}\" data-image-title=\"peciatka\" data-image-description=\"\" data-image-caption=\"\" data-medium-file=\"https:\/\/i0.wp.com\/www.satb.sk\/wp-content\/uploads\/2018\/10\/peciatka.jpeg?fit=300%2C150&amp;ssl=1\" data-large-file=\"https:\/\/i0.wp.com\/www.satb.sk\/wp-content\/uploads\/2018\/10\/peciatka.jpeg?fit=425%2C213&amp;ssl=1\" class=\"alignnone wp-image-5927\" src=\"https:\/\/i0.wp.com\/www.satb.sk\/wp-content\/uploads\/2018\/10\/peciatka.jpeg?resize=139%2C70&#038;ssl=1\" alt=\"\" width=\"139\" height=\"70\" srcset=\"https:\/\/i0.wp.com\/www.satb.sk\/wp-content\/uploads\/2018\/10\/peciatka.jpeg?resize=300%2C150&amp;ssl=1 300w, https:\/\/i0.wp.com\/www.satb.sk\/wp-content\/uploads\/2018\/10\/peciatka.jpeg?w=425&amp;ssl=1 425w\" sizes=\"(max-width: 139px) 100vw, 139px\" data-recalc-dims=\"1\" \/><\/p>\n","protected":false},"excerpt":{"rendered":"<p>\u010co je SATB? SATB je\u00a0webov\u00fd port\u00e1l, ktor\u00fd vznikol za \u00fa\u010delom propag\u00e1cie a podpory zborov\u00e9ho spevu na Slovensku. Hlavn\u00fdm cie\u013eom tejto platformy je poskytova\u0165 inform\u00e1cie o zborov\u00fdch aktivit\u00e1ch na Slovensku i v zahrani\u010d\u00ed a vytvori\u0165 priestor, kde sa bude sp\u00e1ja\u0165 komunita \u013eud\u00ed, ktor\u00ed maj\u00fa radi zborov\u00fd spev. \u010co SATB rob\u00ed? Hlavnou n\u00e1pl\u0148ou SATB je: mapovanie aktiv\u00edt <a class=\"read-more\" href=\"https:\/\/www.satb.sk\/index.php\/o-nas\/\">READ MORE<\/a><\/p>\n","protected":false},"author":1,"featured_media":0,"parent":0,"menu_order":0,"comment_status":"closed","ping_status":"closed","template":"","meta":{"om_disable_all_campaigns":false,"_monsterinsights_skip_tracking":false,"_monsterinsights_sitenote_active":false,"_monsterinsights_sitenote_note":"","_monsterinsights_sitenote_category":0,"spay_email":"","footnotes":""},"class_list":["post-738","page","type-page","status-publish","hentry"],"aioseo_notices":[],"jetpack_sharing_enabled":true,"jetpack_shortlink":"https:\/\/wp.me\/Pav5wC-bU","jetpack-related-posts":[{"id":667,"url":"https:\/\/www.satb.sk\/index.php\/newsletter\/prihlasit-sa-na-odber\/","url_meta":{"origin":738,"position":0},"title":"PRIHL\u00c1SI\u0164 SA NA ODBER NEWSLETTRA","date":"20 janu\u00e1ra, 2019","format":false,"excerpt":"Chcete ma\u0165 preh\u013ead o tom, \u010do sa deje v oblasti zborov\u00e9ho spevu doma i v zahrani\u010d\u00ed? Prihl\u00e1ste sa na odber na\u0161ich newslettrov. Ka\u017ed\u00fd mesiac v\u00e1m priamo do va\u0161ej emailovej schr\u00e1nky po\u0161leme aktu\u00e1lne inform\u00e1cie zo \u017eivota spev\u00e1ckych zborov. Prihl\u00e1ste sa e\u0161te dnes! \u00a0 PRE\u010c\u00cdTAJTE SI PREDCH\u00c1DZAJ\u00daCE NEWSLETTRE","rel":"","context":"Podobn\u00fd pr\u00edspevok","img":{"alt_text":"","src":"","width":0,"height":0},"classes":[]},{"id":661,"url":"https:\/\/www.satb.sk\/index.php\/newsletter\/","url_meta":{"origin":738,"position":1},"title":"NEWSLETTER","date":"20 janu\u00e1ra, 2019","format":false,"excerpt":"PRIHL\u00c1SI\u0164 SA NA ODBER NEWSLETTRA \u00a0 ARCH\u00cdV NEWSLETTROV \u00a0","rel":"","context":"Podobn\u00fd pr\u00edspevok","img":{"alt_text":"","src":"","width":0,"height":0},"classes":[]}],"_links":{"self":[{"href":"https:\/\/www.satb.sk\/index.php\/wp-json\/wp\/v2\/pages\/738"}],"collection":[{"href":"https:\/\/www.satb.sk\/index.php\/wp-json\/wp\/v2\/pages"}],"about":[{"href":"https:\/\/www.satb.sk\/index.php\/wp-json\/wp\/v2\/types\/page"}],"author":[{"embeddable":true,"href":"https:\/\/www.satb.sk\/index.php\/wp-json\/wp\/v2\/users\/1"}],"replies":[{"embeddable":true,"href":"https:\/\/www.satb.sk\/index.php\/wp-json\/wp\/v2\/comments?post=738"}],"version-history":[{"count":10,"href":"https:\/\/www.satb.sk\/index.php\/wp-json\/wp\/v2\/pages\/738\/revisions"}],"predecessor-version":[{"id":6213,"href":"https:\/\/www.satb.sk\/index.php\/wp-json\/wp\/v2\/pages\/738\/revisions\/6213"}],"wp:attachment":[{"href":"https:\/\/www.satb.sk\/index.php\/wp-json\/wp\/v2\/media?parent=738"}],"curies":[{"name":"wp","href":"https:\/\/api.w.org\/{rel}","templated":true}]}}