{"id":4411,"date":"2019-08-27T16:20:47","date_gmt":"2019-08-27T16:20:47","guid":{"rendered":"https:\/\/www.satb.sk\/?post_type=tribe_events&#038;p=4411"},"modified":"2019-08-27T16:20:47","modified_gmt":"2019-08-27T16:20:47","slug":"medzinarodny-festival-adventnej-a-vianocnej-hudby-2019","status":"publish","type":"tribe_events","link":"https:\/\/www.satb.sk\/index.php\/udalosti\/medzinarodny-festival-adventnej-a-vianocnej-hudby-2019\/","title":{"rendered":"Medzin\u00e1rodn\u00fd festival adventnej a viano\u010dnej hudby 2019"},"content":{"rendered":"<p>Medzin\u00e1rodn\u00fd festival pre spev\u00e1cke zbory a orchestre<\/p>\n<p>Mil\u00ed priatelia zborov\u00e9ho spevu,<br \/>\ndovo\u013ete aby sme V\u00e1s pozvali na\u00a0<strong>14. Medzin\u00e1rodn\u00fd festival adventnej a viano\u010dnej hudby<\/strong>,\u00a0ktor\u00fd sa uskuto\u010dn\u00ed v Bratislave 5. &#8211; 8.12.2019. Hlavn\u00e9 mesto Slovenskej republiky Bratislava otv\u00e1ra svoje br\u00e1ny a poz\u00fdva spev\u00e1cke zbory do prekr\u00e1sneho historick\u00e9ho viano\u010dne vyzdoben\u00e9ho centra Bratislavy.Poz\u00fdvame spev\u00e1cke zbory z cel\u00e9ho sveta, aby svoj\u00edm spevom, pies\u0148ami a tradi\u010dnou kult\u00farou a spont\u00e1nnym vyst\u00fapen\u00edm prispeli k pokojnej predviano\u010dnej n\u00e1lade. Ver\u00edme, \u017ee aj vyst\u00fapenie V\u00e1\u0161ho s\u00faboru m\u00f4\u017ee prispie\u0165 k tejto atmosf\u00e9re, ktor\u00e1 je charakteristick\u00e1 svojim pokojom a nezvy\u010dajnou rados\u0165ou.<\/p>\n<p align=\"justify\">Odborn\u00fdm a organiza\u010dn\u00fdm garantom festivalu je umeleck\u00e1 agent\u00fara pre spev\u00e1cke zbory v Bratislave.<\/p>\n<p align=\"justify\">Spev\u00e1cke zbory sa m\u00f4\u017eu z\u00fa\u010dastni\u0165 na festivale bu\u010f ako nes\u00fa\u0165a\u017eiace zbory, ktor\u00e9 participuj\u00fa na v\u0161etk\u00fdch vyst\u00fapeniach festivalu alebo ako zbory s\u00fa\u0165a\u017eiace.<\/p>\n","protected":false},"excerpt":{"rendered":"<p>Medzin\u00e1rodn\u00fd festival pre spev\u00e1cke zbory a orchestre Mil\u00ed priatelia zborov\u00e9ho spevu, dovo\u013ete aby sme V\u00e1s pozvali na\u00a014. Medzin\u00e1rodn\u00fd festival adventnej a viano\u010dnej hudby,\u00a0ktor\u00fd sa uskuto\u010dn\u00ed v Bratislave 5. &#8211; 8.12.2019. Hlavn\u00e9 mesto Slovenskej republiky Bratislava otv\u00e1ra svoje br\u00e1ny a poz\u00fdva spev\u00e1cke zbory do prekr\u00e1sneho historick\u00e9ho viano\u010dne vyzdoben\u00e9ho centra Bratislavy.Poz\u00fdvame spev\u00e1cke zbory z cel\u00e9ho sveta, aby <a class=\"read-more\" href=\"https:\/\/www.satb.sk\/index.php\/udalosti\/medzinarodny-festival-adventnej-a-vianocnej-hudby-2019\/\">READ MORE<\/a><\/p>\n","protected":false},"author":1,"featured_media":0,"template":"","meta":{"om_disable_all_campaigns":false,"_monsterinsights_skip_tracking":false,"_monsterinsights_sitenote_active":false,"_monsterinsights_sitenote_note":"","_monsterinsights_sitenote_category":0,"spay_email":"","footnotes":""},"tags":[],"tribe_events_cat":[],"class_list":["post-4411","tribe_events","type-tribe_events","status-publish","hentry"],"aioseo_notices":[],"jetpack_sharing_enabled":true,"_links":{"self":[{"href":"https:\/\/www.satb.sk\/index.php\/wp-json\/wp\/v2\/tribe_events\/4411"}],"collection":[{"href":"https:\/\/www.satb.sk\/index.php\/wp-json\/wp\/v2\/tribe_events"}],"about":[{"href":"https:\/\/www.satb.sk\/index.php\/wp-json\/wp\/v2\/types\/tribe_events"}],"author":[{"embeddable":true,"href":"https:\/\/www.satb.sk\/index.php\/wp-json\/wp\/v2\/users\/1"}],"version-history":[{"count":1,"href":"https:\/\/www.satb.sk\/index.php\/wp-json\/wp\/v2\/tribe_events\/4411\/revisions"}],"predecessor-version":[{"id":4412,"href":"https:\/\/www.satb.sk\/index.php\/wp-json\/wp\/v2\/tribe_events\/4411\/revisions\/4412"}],"wp:attachment":[{"href":"https:\/\/www.satb.sk\/index.php\/wp-json\/wp\/v2\/media?parent=4411"}],"wp:term":[{"taxonomy":"post_tag","embeddable":true,"href":"https:\/\/www.satb.sk\/index.php\/wp-json\/wp\/v2\/tags?post=4411"},{"taxonomy":"tribe_events_cat","embeddable":true,"href":"https:\/\/www.satb.sk\/index.php\/wp-json\/wp\/v2\/tribe_events_cat?post=4411"}],"curies":[{"name":"wp","href":"https:\/\/api.w.org\/{rel}","templated":true}]}}

Medzinárodný festival adventnej a vianočnej hudby 2019

<p>Medzinárodný festival pre spevácke zbory a orchestre</p>
<p>Milí priatelia zborového spevu,<br />
dovoľte aby sme Vás pozvali na <strong>14. Medzinárodný festival adventnej a vianočnej hudby</strong>, ktorý sa uskutoční v Bratislave 5. &#8211; 8.12.2019. Hlavné mesto Slovenskej republiky Bratislava otvára svoje brány a pozýva spevácke zbory do prekrásneho historického vianočne vyzdobeného centra Bratislavy.Pozývame spevácke zbory z celého sveta, aby svojím spevom, piesňami a tradičnou kultúrou a spontánnym vystúpením prispeli k pokojnej predvianočnej nálade. Veríme, že aj vystúpenie Vášho súboru môže prispieť k tejto atmosfére, ktorá je charakteristická svojim pokojom a nezvyčajnou radosťou.</p>
<p align="justify">Odborným a organizačným garantom festivalu je umelecká agentúra pre spevácke zbory v Bratislave.</p>
<p align="justify">Spevácke zbory sa môžu zúčastniť na festivale buď ako nesúťažiace zbory, ktoré participujú na všetkých vystúpeniach festivalu alebo ako zbory súťažiace.</p>

<p>Medzinárodný festival pre spevácke zbory a orchestre Milí priatelia zborového spevu, dovoľte aby sme Vás pozvali na 14. Medzinárodný festival adventnej a vianočnej hudby, ktorý sa uskutoční v Bratislave 5. &#8211; 8.12.2019. Hlavné mesto Slovenskej republiky Bratislava otvára svoje brány a pozýva spevácke zbory do prekrásneho historického vianočne vyzdobeného centra Bratislavy.Pozývame spevácke zbory z celého sveta, aby <a class="read-more" href="https://www.satb.sk/index.php/udalosti/medzinarodny-festival-adventnej-a-vianocnej-hudby-2019/">READ MORE</a></p>
