{"id":4419,"date":"2019-08-27T16:29:22","date_gmt":"2019-08-27T16:29:22","guid":{"rendered":"https:\/\/www.satb.sk\/?post_type=tribe_events&#038;p=4419"},"modified":"2019-08-27T16:29:22","modified_gmt":"2019-08-27T16:29:22","slug":"medzinarodny-mladeznicky-hudobny-festival-ii-2","status":"publish","type":"tribe_events","link":"https:\/\/www.satb.sk\/index.php\/udalosti\/medzinarodny-mladeznicky-hudobny-festival-ii-2\/","title":{"rendered":"Medzin\u00e1rodn\u00fd ml\u00e1de\u017en\u00edcky hudobn\u00fd festival II."},"content":{"rendered":"<p>Medzin\u00e1rodn\u00fd festival pre detsk\u00e9, ml\u00e1de\u017en\u00edcke a dospel\u00e9 spev\u00e1cke zbory a orchestre<\/p>\n<p>Hlavn\u00e9 mesto Slovenskej republiky Bratislava otv\u00e1ra svoje br\u00e1ny a poz\u00fdva spev\u00e1cke zbory a orchestre do hudobn\u00e9ho historick\u00e9ho centra Bratislavy. Poz\u00fdvame spev\u00e1cke zbory, orchestre a r\u00f4zne hudobn\u00e9 ans\u00e1mble z cel\u00e9ho sveta, aby svoj\u00edm spevom, pies\u0148ami a tradi\u010dnou hudobnou kult\u00farou a spont\u00e1nnym vyst\u00fapen\u00edm prispeli k pokojnej letnej hudobnej atmosf\u00e9re v Bratislave. Ver\u00edme, \u017ee aj vyst\u00fapenie V\u00e1\u0161ho s\u00faboru m\u00f4\u017ee prispie\u0165 k fantastickej atmosf\u00e9re, ktor\u00fa Bratislavsk\u00e9 hudobn\u00e9 leto m\u00e1. Spev\u00e1cke zbory, orchestre a r\u00f4zne hudobn\u00e9 ensemble sa m\u00f4\u017eu z\u00fa\u010dastni\u0165 bu\u010f ako nes\u00fa\u0165a\u017eiace telesa, participuj\u00facich na v\u0161etk\u00fdch vyst\u00fapeniach festivalu, alebo ako s\u00fa\u0165a\u017eiace.<\/p>\n<p>Odborn\u00fdm a organiza\u010dn\u00fdm garantom festivalu je umeleck\u00e1 agent\u00fara Bratislava Music Agency.<\/p>\n","protected":false},"excerpt":{"rendered":"<p>Medzin\u00e1rodn\u00fd festival pre detsk\u00e9, ml\u00e1de\u017en\u00edcke a dospel\u00e9 spev\u00e1cke zbory a orchestre Hlavn\u00e9 mesto Slovenskej republiky Bratislava otv\u00e1ra svoje br\u00e1ny a poz\u00fdva spev\u00e1cke zbory a orchestre do hudobn\u00e9ho historick\u00e9ho centra Bratislavy. Poz\u00fdvame spev\u00e1cke zbory, orchestre a r\u00f4zne hudobn\u00e9 ans\u00e1mble z cel\u00e9ho sveta, aby svoj\u00edm spevom, pies\u0148ami a tradi\u010dnou hudobnou kult\u00farou a spont\u00e1nnym vyst\u00fapen\u00edm prispeli k pokojnej <a class=\"read-more\" href=\"https:\/\/www.satb.sk\/index.php\/udalosti\/medzinarodny-mladeznicky-hudobny-festival-ii-2\/\">READ MORE<\/a><\/p>\n","protected":false},"author":1,"featured_media":0,"template":"","meta":{"om_disable_all_campaigns":false,"_monsterinsights_skip_tracking":false,"_monsterinsights_sitenote_active":false,"_monsterinsights_sitenote_note":"","_monsterinsights_sitenote_category":0,"spay_email":"","footnotes":""},"tags":[],"tribe_events_cat":[],"class_list":["post-4419","tribe_events","type-tribe_events","status-publish","hentry"],"aioseo_notices":[],"jetpack_sharing_enabled":true,"_links":{"self":[{"href":"https:\/\/www.satb.sk\/index.php\/wp-json\/wp\/v2\/tribe_events\/4419"}],"collection":[{"href":"https:\/\/www.satb.sk\/index.php\/wp-json\/wp\/v2\/tribe_events"}],"about":[{"href":"https:\/\/www.satb.sk\/index.php\/wp-json\/wp\/v2\/types\/tribe_events"}],"author":[{"embeddable":true,"href":"https:\/\/www.satb.sk\/index.php\/wp-json\/wp\/v2\/users\/1"}],"version-history":[{"count":1,"href":"https:\/\/www.satb.sk\/index.php\/wp-json\/wp\/v2\/tribe_events\/4419\/revisions"}],"predecessor-version":[{"id":4420,"href":"https:\/\/www.satb.sk\/index.php\/wp-json\/wp\/v2\/tribe_events\/4419\/revisions\/4420"}],"wp:attachment":[{"href":"https:\/\/www.satb.sk\/index.php\/wp-json\/wp\/v2\/media?parent=4419"}],"wp:term":[{"taxonomy":"post_tag","embeddable":true,"href":"https:\/\/www.satb.sk\/index.php\/wp-json\/wp\/v2\/tags?post=4419"},{"taxonomy":"tribe_events_cat","embeddable":true,"href":"https:\/\/www.satb.sk\/index.php\/wp-json\/wp\/v2\/tribe_events_cat?post=4419"}],"curies":[{"name":"wp","href":"https:\/\/api.w.org\/{rel}","templated":true}]}}

Medzinárodný mládežnícky hudobný festival II.

<p>Medzinárodný festival pre detské, mládežnícke a dospelé spevácke zbory a orchestre</p>
<p>Hlavné mesto Slovenskej republiky Bratislava otvára svoje brány a pozýva spevácke zbory a orchestre do hudobného historického centra Bratislavy. Pozývame spevácke zbory, orchestre a rôzne hudobné ansámble z celého sveta, aby svojím spevom, piesňami a tradičnou hudobnou kultúrou a spontánnym vystúpením prispeli k pokojnej letnej hudobnej atmosfére v Bratislave. Veríme, že aj vystúpenie Vášho súboru môže prispieť k fantastickej atmosfére, ktorú Bratislavské hudobné leto má. Spevácke zbory, orchestre a rôzne hudobné ensemble sa môžu zúčastniť buď ako nesúťažiace telesa, participujúcich na všetkých vystúpeniach festivalu, alebo ako súťažiace.</p>
<p>Odborným a organizačným garantom festivalu je umelecká agentúra Bratislava Music Agency.</p>

<p>Medzinárodný festival pre detské, mládežnícke a dospelé spevácke zbory a orchestre Hlavné mesto Slovenskej republiky Bratislava otvára svoje brány a pozýva spevácke zbory a orchestre do hudobného historického centra Bratislavy. Pozývame spevácke zbory, orchestre a rôzne hudobné ansámble z celého sveta, aby svojím spevom, piesňami a tradičnou hudobnou kultúrou a spontánnym vystúpením prispeli k pokojnej <a class="read-more" href="https://www.satb.sk/index.php/udalosti/medzinarodny-mladeznicky-hudobny-festival-ii-2/">READ MORE</a></p>
